9759 prime?
False
Is 7602304709 a composite number?
True
Is 4128034571 composite?
True
Is 825431479 a composite number?
True
Is 15503533 prime?
False
Is 28529181097 prime?
True
Is 2121232177 a prime number?
True
Is 69909039139 composite?
False
Is 1124517767 prime?
True
Is 2990952859 a composite number?
False
Is 35687441129 composite?
True
Is 18978512863 composite?
True
Is 14357424061 composite?
False
Is 26152411037 composite?
False
Is 1141610227 a composite number?
False
Is 68104243741 a prime number?
False
Is 108958066409 composite?
False
Is 105372185053 a prime number?
False
Is 2734810439 a prime number?
True
Is 270434743 a composite number?
True
Is 18339914793 composite?
True
Is 13588683481 prime?
False
Is 344782615 a prime number?
False
Is 143087431 prime?
False
Is 34291878961 a composite number?
False
Is 15593868359 composite?
False
Is 4627784767 a prime number?
True
Is 40098414647 prime?
True
Is 5325082781 prime?
True
Is 65217613537 composite?
False
Is 1215602137 prime?
False
Is 136503427 prime?
True
Is 50850934579 prime?
True
Is 550694587 composite?
True
Is 74454234367 composite?
False
Is 4687725769 a prime number?
True
Is 626359243 prime?
True
Is 22551513833 composite?
True
Is 18363266711 composite?
False
Is 317494027 prime?
True
Is 4946991329 a composite number?
True
Is 1834567391 a prime number?
False
Is 13891661819 a composite number?
True
Is 512959043 a prime number?
False
Is 3329009353 prime?
True
Is 105425147 composite?
False
Is 252449179 prime?
True
Is 2294027539 prime?
False
Is 3109408843 composite?
True
Is 214373989 prime?
False
Is 572526161 a composite number?
True
Is 38643016771 prime?
True
Is 841399157 a composite number?
True
Is 748475328559 a composite number?
True
Is 21128114257 prime?
True
Is 659991097 a composite number?
True
Is 4323241183 a composite number?
True
Is 47773723553 a prime number?
True
Is 591804431 a composite number?
False
Is 864757427 composite?
True
Is 1669860317 a prime number?
False
Is 1206463861 prime?
True
Is 52736935411 a prime number?
True
Is 114226838113 composite?
False
Is 34995773251 a prime number?
False
Is 62496396853 prime?
False
Is 59426971873 a composite number?
True
Is 44456829001 a prime number?
False
Is 6050003653 composite?
True
Is 4652994329 composite?
False
Is 54203741491 a composite number?
True
Is 147292217 a prime number?
False
Is 92877409 a prime number?
False
Is 458411299 composite?
False
Is 83543449 a composite number?
True
Is 99548173 prime?
False
Is 723657089 a composite number?
True
Is 4122259751 a composite number?
True
Is 19435051 a prime number?
True
Is 1409746903 a prime number?
False
Is 5330729758 a prime number?
False
Is 191982565 a composite number?
True
Is 259769987573 composite?
True
Is 396312341 prime?
False
Is 3651496291 prime?
True
Is 55373327 a prime number?
False
Is 1306018211 a composite number?
False
Is 3845476631 prime?
True
Is 5938684643 a composite number?
True
Is 1295531791 a composite number?
True
Is 221996783 a composite number?
False
Is 13496544473 a prime number?
True
Is 8360897 a prime number?
True
Is 876126733 a composite number?
False
Is 11766195043 a composite number?
True
Is 64540236073 prime?
False
Is 10094483831 prime?
True
Is 1329079361 composite?
False
Is 24813194123 composite?
False
Is 19098915959 composite?
False
Is 204384167 a composite number?
True
Is 829469386 a composite number?
True
Is 167117437 prime?
True
Is 351194953 a prime number?
True
Is 9721763297 prime?
False
Is 7484006347 a prime number?
True
Is 874857271 composite?
False
Is 8526550541 composite?
False
Is 186475321 composite?
False
Is 2393266097 a prime number?
False
Is 56661104893 composite?
True
Is 2223037769 prime?
True
Is 4029342743 a prime number?
False
Is 2875237811 prime?
True
Is 1081075979 a prime number?
True
Is 230024581 prime?
True
Is 1258253071 prime?
False
Is 64092947459 a composite number?
False
Is 484926389 prime?
True
Is 157804943 composite?
False
Is 569361473 a composite number?
False
Is 1893263681 composite?
False
Is 388514897 composite?
True
Is 41948294929 a composite number?
True
Is 710047987 a composite number?
True
Is 15404870095 a composite number?
True
Is 25610388955 a composite number?
True
Is 31778414999 prime?
True
Is 1609064741 a composite number?
True
Is 253388669619 prime?
False
Is 669913221 composite?
True
Is 5206851689 prime?
False
Is 100431499 prime?
False
Is 2108457851 a composite number?
False
Is 3810877111 a prime number?
True
Is 555645887 a composite number?
True
Is 3276020327 composite?
True
Is 3582251137 prime?
False
Is 3332858299 composite?
True
Is 2150810537 a prime number?
False
Is 786023051 a composite number?
True
Is 799268614 composite?
True
Is 27743868809 a composite number?
False
Is 7249321403 composite?
False
Is 2467715039 composite?
True
Is 216687089 prime?
True
Is 235880719 prime?
True
Is 2077844393 prime?
True
Is 1278171821 composite?
False
Is 1034308531 a composite number?
False
Is 3148222111 composite?
False
Is 3485355959 prime?
True
Is 1389757661 prime?
True
Is 330885991 prime?
True
Is 31311461567 a composite number?
False
Is 4949304869 a prime number?
True
Is 1692040085 a composite number?
True
Is 1531845059 prime?
True
Is 838765441 composite?
False
Is 1313256149 a composite number?
False
Is 619306071 composite?
True
Is 423622319 composite?
True
Is 744421999 a composite number?
False
Is 1038875249 prime?
False
Is 47421267863 prime?
True
Is 37054819261 a prime number?
True
Is 4472836811 prime?
False
Is 288840263 composite?
True
Is 19928082169 prime?
True
Is 39310097017 a composite number?
False
Is 14648994043 composite?
True
Is 94587079 composite?
False
Is 318630986 a prime number?
False
Is 297207229 composite?
True
Is 5291520673 a composite number?
True
Is 956023463 a prime number?
True
Is 1611217037 a composite number?
False
Is 29634326291 composite?
True
Is 3838327247 composite?
False
Is 130969007 a composite number?
True
Is 42881995769 a prime number?
False
Is 4291763939 prime?
True
Is 17426454611 composite?
False
Is 1131568937 composite?
False
Is 2208795943 a prime number?
False
Is 13447586001 a composite number?
True
Is 9751274759 a composite number?
True
Is 1007368217 a composite number?
False
Is 13677961919 prime?
True
Is 428470517 prime?
True
Is 294165701 a prime number?
True
Is 4465004741 a prime number?
False
Is 14702878331 composite?
False
Is 172058629 prime?
True
Is 904731601 a composite number?
False
Is 1157062861 composite?
True
Is 349950301 a composite number?
False
Is 678715451 a composite number?
False
Is 672958999 a prime number?
True
Is 13314875603 composite?
True
Is 287504297 a composite number?
True
Is 7333511621 a prime number?
False
Is 11638298831 composite?
False
Is 137887259 composite?
True
Is 15593570186 composite?
True
Is 522291829 composite?
False
Is 2828728517 prime?
False
Is 9050275879 prime?
True
Is 2392926667 a prime number?
True
Is 894400681 a prime number?
False
Is 91913372429 composite?
False
Is 565386229 composite?
True
Is 893959111 prime?
True
Is 10150756703 a composite number?
True
Is 1466971523 prime?
False
Is 71292768857 composite?
True
Is 434149921 a prime number?
False
Is 360750167 a composite number?
True
Is 5549904601 a prime number?
True
Is 32465296537 a prime number?
False
Is 5883710533 composite?
True
Is 3258042379 prime?
False
Is 7628384761 prime?
True
Is 22072283855 a prime number?
False
Is 7108936819 composite?
True
Is 468832085 a prime number?
False
Is 3230968277 a composite number?
True
Is 27024084569 a prime number?
False
Is 9718720163 a composite number?
False
Is 531508949 composite?
False
Is 1312433723 a composite number?
True
Is 186562859 a prime number?
False
Is 1243503358 composite?
True
Is 390308647 a prime number?
False
Is 7614082783 a composite number?
False
Is 6291984109 a prime number?
True
Is 693492557 prime?
True
Is 2658390037 a prime number?
False
Is 47332413761 prime?
False
Is 34937662603 prime?
False
Is 3921620999 a prime number?
False
Is 31780421 a composite number?
False
Is 56573789617 a composite number?
True
Is 13861999577 composite?
False
Is 343983203 prime?
False
Is 432884779 composite?
True
Is 311597309 a composite number?
False
Is 162411713 prime?
True
Is 1453074053 a prime number?
True
Is 8879764529 prime?
False
Is 22415595023 composite?
Fal